1*o - k*o + 6097 = 0. What are the prime factors of o?
13, 67
Let a(t) = -201*t + 1. Suppose -26*u - 40 = -14. List the prime factors of a(u).
2, 101
Suppose -105*f + 544706 + 700482 = -858382. What are the prime factors of f?
2, 3, 7, 53
Let g(b) = -43*b + 153. Let j be g(6). What are the prime factors of (1 + j/77)/((-4)/22)?
2
Suppose 0 = 54*p - 48*p - 44946. Suppose 0 = -23*g - 637 + p. What are the prime factors of g?
2, 149
Let t(b) = -91*b + 2414. List the prime factors of t(-96).
2, 5, 223
Suppose 3*q - 8 - 1 = 0. Let o = 515 - 446. Suppose -q*c = -o - 81. List the prime factors of c.
2, 5
Let b(y) = -6*y**2 - 2*y + 6. Let z = 38 - 34. Let k be b(z). Let g = 176 + k. What are the prime factors of g?
2, 3, 13
Suppose 102*d - 1242049 - 74646 = 31*d. List the prime factors of d.
5, 3709
Let u = 833 - 776. What are the prime factors of (-440080)/(-380) - (-1 + 63/u)?
2, 3, 193
Let a = -51 + -9. Let c be (5/20)/((-3)/a). Suppose -2*s = -7*s - c*i + 225, -s = -2*i - 48. What are the prime factors of s?
2, 23
Let k(b) = 595*b**2 + 52*b + 209. What are the prime factors of k(-5)?
2, 17, 109
Let r = -726 + 6908. Let z = 1095 - 1161. What are the prime factors of (-2)/(-6) - r/z?
2, 47
Suppose 31*d = 40*d + 1530. Suppose 0 = -5*q + z - 23, -10*q + 6*q + z - 19 = 0. List the prime factors of (q - (4 - d))*1/(-2).
89
Suppose 43*p + 20 = 39*p. Let x be ((-142)/(-6))/(p*(-5)/75). Suppose -68*z + x*z - 489 = 0. What are the prime factors of z?
163
Suppose 24 = 20*d - 28*d. Let j(r) = 11*r**2 - r + 4. What are the prime factors of j(d)?
2, 53
Let k = 70 - 68. Suppose 4*i - 60 = k*g - g, -4*i - 2*g + 60 = 0. Let r(x) = -2*x + 40. List the prime factors of r(i).
2, 5
Let q(a) = 20*a**2 + 34*a + 127. Let t(b) = 25*b**2 + 35*b + 128. Let r(z) = 4*q(z) - 3*t(z). What are the prime factors of r(-15)?
2, 7
What are the prime factors of (-2)/(6/1343)*-12?
2, 17, 79
Let a(q) = q**3 + 8*q**2 + 3*q + 13. Let p(b) = -b**2 + 0 - b + 2 + 0 - 3. Let i(s) = -a(s) + 2*p(s). List the prime factors of i(-10).
5, 7
Suppose -22*t = -n - 23*t + 15829, 0 = n - 4*t - 15804. What are the prime factors of n?
2, 23, 43
What are the prime factors of 120/16*11/((-11)/(-80))?
2, 3, 5
Let p(z) = -37 + 6*z**2 + 28 + 19 - 6*z + z**3. Let x be p(-7). Suppose 0 = 3*g + x*b - 231, g - 237 = -2*g - 5*b. What are the prime factors of g?
2, 37
Suppose 339*u = 349*u - 216940. List the prime factors of u.
2, 10847
Suppose -3*t = -3*y - 1845, -6 = -2*t + 4*t. Let b = y - -1278. What are the prime factors of b?
2, 3, 5, 11
Let l = -313 - -313. Suppose l = 6*b - 1387 - 1121. List the prime factors of b.
2, 11, 19
Let d = -79 + -2. Let c = -100 + 197. Let p = d + c. What are the prime factors of p?
2
Let p be (-438)/(-9)*30/4. Let x be ((-14)/(-70))/(1/p). Suppose -x - 115 = -4*t. List the prime factors of t.
47
Let o(t) = 5*t**3 + 47*t**2 + t - 10. Let a be ((-1 - -2) + -2)/(-1) + -10. List the prime factors of o(a).
11, 13
Let s(c) = 3*c**3 - 11*c**2 + 5*c + 3. Let w be (-2)/((-2)/5 + (-1 - -1)). What are the prime factors of s(w)?
2
Let w(c) be the third derivative of -16*c**5/15 - 11*c**4/24 - c**3/6 + 28*c**2. Let o be w(-2). List the prime factors of 4 - (3 + (o - -4)).
2, 29
Let h = 94615 - 44527. What are the prime factors of h?
2, 3, 2087
Let o = 42 - -19. Let s = o + -61. Suppose -11*d + 12*d - 161 = s. List the prime factors of d.
7, 23
Let k be (24/60)/((-2)/(-30)*3). Let u be k/(-8)*264/(-77)*-7. What are the prime factors of (-2 - 1) + (-1212)/u?
199
Let s(j) = j**3 - j**2 - j + 5. Let x be s(0). Suppose -x*n + 154 = -196. Let i = 157 - n. List the prime factors of i.
3, 29
Suppose 16425 = -89*d + 92*d. List the prime factors of d.
3, 5, 73
Let l(b) = -b**2 + 9*b + 3. Let a be l(9). Let g = 8 + a. Suppose 5*d + 48 = g*d. List the prime factors of d.
2
Let d(t) = 6*t**3 - 7*t**2 + 17*t - 48. Let f = 556 + -552. What are the prime factors of d(f)?
2, 73
Suppose -690 = 21*p - 165. List the prime factors of p/125 - 1442/(-10).
2, 3
Let s(c) be the third derivative of c**6/30 + c**5/12 + 5*c**4/12 - 7*c**3/6 - c**2 + 7. List the prime factors of s(4).
3, 41
Let d(u) = 1411*u**2 + 84*u - 365. What are the prime factors of d(4)?
7, 3221
Let w(x) be the first derivative of 3*x**4/4 - x**3/3 + 15. Let j be w(1). Suppose j*v = 3*o - o + 94, 4*v = 3*o + 187. What are the prime factors of v?
2, 23
Let y = -984 + 20307. What are the prime factors of y?
3, 19, 113
Let a(b) = 4004*b - 731. What are the prime factors of a(3)?
29, 389
Let k = 249 + -245. What are the prime factors of k/(-46) + 1529515/1495?
3, 11, 31
Suppose 7*k + 8175 = 3*h + 5*k, -5*h - 3*k + 13606 = 0. What are the prime factors of h?
7, 389
Suppose 5*z = -208 - 242. What are the prime factors of z*2*2/(-4)?
2, 3, 5
Suppose -11875 = -h + 2*s, s - 2486 + 26248 = 2*h. What are the prime factors of h?
3, 17, 233
Let h(g) = 23*g + 1531. What are the prime factors of h(-20)?
3, 7, 17
Let g be 9/(-12) + 11/4. Suppose 2*v - 300 + 6 = -g*a, 2*v = -3*a + 440. Suppose x - a = -x. What are the prime factors of x?
73
Let s(q) = -8*q**3 + 10*q**2 + 8*q - 24. Let r(z) = -2*z**2 - 1. Let u(y) = 3*r(y) + s(y). What are the prime factors of u(-5)?
1033
Suppose 3*m = -8*m - 8*m + 30533. What are the prime factors of m?
1607
Let y = -19355 + 27280. What are the prime factors of y?
5, 317
Suppose -b = -y - 1450, -4*y + 8697 = 5*b + 1447. Suppose 3*c - b = 3*o + 2*o, 0 = -3*c + 2*o + 1462. Suppose -c = -11*s + s. List the prime factors of s.
7
Suppose 0 = 26*h + 20*h - 291546 + 16420. List the prime factors of h.
5981
Let k(j) be the third derivative of 47*j**4/12 + 68*j**3/3 - 157*j**2. What are the prime factors of k(11)?
2, 3, 5, 13
Suppose -25 - 2 = -9*f. Suppose 0 = i + i + f*k - 25, 0 = -3*i - 3*k + 30. Let j(h) = 9*h + 10. List the prime factors of j(i).
5, 11
Let m(o) = 51*o - 66 + 47*o - 35*o - 13. List the prime factors of m(5).
2, 59
Suppose -4*f = -5*j - 155928, 10*f - 6*f = 3*j + 155928. What are the prime factors of f?
2, 3, 73, 89
List the prime factors of 100016/5 - 4*(-3)/(-10).
2, 73, 137
List the prime factors of ((-4)/(-10) - 1) + 6997874/290.
2, 5, 19, 127
Suppose 8610*z + 77228 = 8621*z - 55014. List the prime factors of z.
2, 6011
Suppose 23 - 8 = -5*i. Let s be 48/32*(20/i + 0). What are the prime factors of (8/s)/(4 - 2005/500)?
2, 5
Suppose 3*t = -4*l + 33095, t - 4*l - 5336 - 5733 = 0. What are the prime factors of t?
61, 181
Let w(f) = f**3 - 4*f**2 - 7*f - 6. Let x be 11/9 - 16/72. Let b(i) = -i**3 - i**2 - i - 1. Let z(r) = x*w(r) + 2*b(r). List the prime factors of z(-5).
2, 3
Let u(l) = -8*l - 1. Let f be u(4). Let j = -35 - f. List the prime factors of (1/(-2))/(j/76).
19
List the prime factors of (-11)/(-198)*42*(-12 + 6 - -25335).
7, 8443
Let g(j) = -j**3 - 10*j - 18. List the prime factors of g(-19).
79, 89
Suppose -17888 = -3*o + 2*m, 0 = -4*o + 13*m - 8*m + 23839. List the prime factors of o.
2, 19, 157
Let k be (-2)/3 - (-256)/6. Let w(n) = 2*n**2 - 50*n + 87. Let c be w(23). Let i = k - c. List the prime factors of i.
47
Let l(a) = 11*a**2 + 5*a + 4. Let s be l(-1). Let p be (-4)/3*15/s*-10. Let x = p - 5. What are the prime factors of x?
3, 5
Let u = 2315 + 677. Suppose -6*y + u = 5*y. Suppose 5*j + 3*x = 100 + y, -2*j = 2*x - 148. List the prime factors of j.
3, 5
What are the prime factors of 2/(-15) - 1183168/(-210)?
2, 3, 313
What are the prime factors of (27/(-6) + 4)*14 - (-21322)/2?
2, 7, 761
Let o be (-12)/(-8) + 10/4 + -2. What are the prime factors of (-9 - 365)*(o - 3)?
2, 11, 17
Let t(m) = -202*m + 5435. What are the prime factors of t(-99)?
29, 877
Suppose 5*y - 3*i - 183 - 393 = 0, 0 = 2*y + 3*i - 243. Let c(z) = -6*z - 4. Let b be c(5). Let s = y + b. List the prime factors of s.
83
Suppose 0 = 4*f + r - 19, -1 - 19 = -3*f + 5*r. Suppose -i - f*v + 346 + 175 = 0, 2542 = 5*i + 4*v. List the prime factors of i.
2, 11, 23
Let v(k) = 6*k + 0*k + k + 5*k. Suppose -h + 5*p + 25 - 3 = 0, -4*h = 2*p - 44. List the prime factors of v(h).
2, 3
List the prime factors of ((-6)/(-1))/(-4*41/(-69372)).
2, 3, 47
List the prime factors of -73*(-4 + -396)/2.
2, 5, 73
Let r = -2679 + 1468. Let n = 220 - r. List the prime factors of n.
3, 53
Suppose 44*k = -15*k + 550706. List the prime factors of k.
2, 13, 